-3*s + 44 + 9 = -5*p, v = 5*s + p - 79. Is ((-536)/s)/(1/(-2)) a composite number?
False
Let h(v) = 14 + 2*v - 13*v - 5. Let x be h(-7). Let o = x - 47. Is o composite?
True
Suppose d - 5*a + 346 = 3*d, 4*d - 636 = 4*a. Is d a composite number?
False
Suppose j = -4*a + 14, -4*j + 13 - 2 = a. Is a/((-12)/(-640)) + 3 a prime number?
True
Suppose -22 = -5*p - 147. Let t be (-5)/p - 16/5. Let h(u) = -28*u + 1. Is h(t) a composite number?
True
Suppose 2*r - r + 9 = -2*x, x + 5*r - 18 = 0. Let c = x - -160. Let o = -106 + c. Is o a prime number?
True
Let x = 0 - 0. Suppose 20 = 5*m - x. Suppose 0 = -m*q - 1 + 89. Is q prime?
False
Suppose 2*p - r + 22 = 4*r, -7 = 3*p - r. Let x be (2 - (-6 + p)) + 0. Is ((-74)/(-6))/(3/x) a composite number?
False
Let f(p) = -14*p**3 + 3*p**2 - 3*p - 9. Let n(o) = 5*o**3 - o**2 + o + 3. Let b(d) = -4*f(d) - 11*n(d). Is b(4) prime?
False
Let f = 87 - 39. Suppose i - 6 = -8*m + 3*m, -8 = 2*m. Suppose 0 = -g - 4*v + i, 3*g = -5*v + 30 + f. Is g prime?
False
Let y(i) = 3*i**2 + 5*i - 4. Let u(r) = -1. Suppose 2 = -3*o - 1. Let x(z) = o*u(z) + y(z). Is x(4) a composite number?
True
Let a(z) = 7*z + 7 - 2*z - 2*z**2 + 3*z**2. Is a(-9) a prime number?
True
Suppose 3*b + 12 = -0*b, 2*t = b + 8. Is (-1145)/(-15) + t/3 a composite number?
True
Let u(d) = -2*d**2 + 7*d + 5. Let c be u(4). Is (17/(-2))/(c/(-38)) prime?
False
Let a be -2*-9*(-2)/(-4). Let l = 3 - 0. Is (-712)/(-6) + l/a composite?
True
Suppose -3*r + 0*r = -12. Is (-30)/40 + 463/r composite?
True
Suppose 5*t = -5*h + 405, t + 89 = 2*t + 5*h. Is t composite?
False
Let l = 14 - 10. Let r = -21 - -41. Suppose r = l*b - 20. Is b a prime number?
False
Let s = 358 + -147. Is s composite?
False
Let b be 2*3*1/6. Suppose b = -2*s - 7. Let p(j) = j**2 - 6*j - 5. Is p(s) composite?
True
Let c(a) = -40*a**3 - 5*a**2 + 8*a. Is c(-5) a prime number?
False
Suppose -4*d + j = -21, d = -5*j + 4*j - 1. Suppose -d*x = 4*i - 0*x - 100, -3*x = -9. Is i composite?
True
Suppose -2*b - 1 + 7 = 0. Suppose -b*s = -103 - 146. Is s a prime number?
True
Let h(b) be the second derivative of b**4/6 + b**3/6 + b**2 - b. Let d be h(3). Suppose 2*a - a = d. Is a a prime number?
True
Let b(l) = 2*l**3 + 3*l**2 - 4*l - 5. Is b(6) composite?
True
Suppose 4*j = -0*j + 40. Suppose 0 = 6*o - o - j. Let g(c) = 3*c**2 - 3*c. Is g(o) prime?
False
Let p be (658/8)/((-3)/(-24)). Is (p/(-21))/((-4)/42) prime?
False
Is 10/(-45) + (-10030)/(-18) a composite number?
False
Let t = 181 - 54. Is t a prime number?
True
Let o(i) = 26*i + 5. Is o(6) a composite number?
True
Suppose -3*d - d - 632 = 0. Let f = -61 - d. Is f a composite number?
False
Let a be 4*(-30)/16*-2. Suppose a + 37 = m. Suppose -5*g = -m - 18. Is g a composite number?
True
Let s(y) = -y**3 + 22*y**2 - 17*y + 21. Is s(17) composite?
True
Let o = 8 + -8. Suppose o*a + 19 = a. Is a a prime number?
True
Let d = -993 - -1694. Is d a composite number?
False
Suppose 0 = -3*n + 4*f - 9, 11 = -3*f + 2. Let r(o) = -o**3 - 7*o**2 - 8*o - 5. Is r(n) composite?
True
Let w(x) = 6*x - 3. Is w(3) prime?
False
Let b = 3 - 1. Let g = b - 3. Is ((-111)/(-9))/(g/(-3)) a prime number?
True
Suppose 194 = w - 3*w. Let a = -32 - 34. Let i = a - w. Is i a composite number?
False
Let n = -2867 - -6050. Is n composite?
True
Let u = 11 - 8. Suppose 0 = -u*d - 0*d + r + 1, 4*d - 33 = -5*r. Suppose -l + 22 + 75 = d*g, 5*l + 3*g - 464 = 0. Is l a composite number?
True
Let t = 361 + -27. Let s = -173 + t. Is s composite?
True
Suppose z - c - 66 - 24 = 0, 0 = 2*z + 3*c - 175. Is z a prime number?
True
Suppose -2*h - 6 = z, 4*z + 2 + 11 = 3*h. Let p be 1*(h - (-1 + -2)). Is 2/4 - (-229)/p a composite number?
True
Suppose -3*r = -6*r - 1026. Let b = r - -519. Is b a composite number?
True
Let p(a) = -3*a**3 + 5*a**2 + 13*a + 17. Is p(-4) composite?
True
Suppose 4*h - 5 = 35. Let i be h/(-4)*(-3 + 1). Let d = 27 - i. Is d a composite number?
True
Let p(v) = 1 - 3*v + v**2 - 3*v**2 + 11*v**2 - 8. Is p(5) composite?
True
Suppose 0 = 5*p - 0 - 20. Let l = -5 + p. Is (l - 2)/(-3) + 21 a composite number?
True
Is -4 - ((-256)/4 + 3) prime?
False
Let o(v) = 20*v**2 - 2*v + 3. Is o(2) composite?
False
Is -7 + 7 - -94*1 a composite number?
True
Let w(j) = -11*j**3 + j**2 + 9*j + 6. Is w(-5) composite?
False
Suppose 0 = -3*s - 4*n + 11361, 0 = 4*s + n - 0*n - 15148. Is s a prime number?
False
Let o be 1/(-2)*(-12)/(-1). Let f(w) be the first derivative of -w**3/3 - 6*w**2 + 3*w + 5. Is f(o) prime?
False
Suppose 6 = -2*g - 0*g, 0 = -3*p + g + 2268. Is p a prime number?
False
Is -2 - (355 + -3)*(-6)/4 composite?
True
Suppose -417 = -2*w + 359. Suppose -w = -3*j - j. Is j a prime number?
True
Suppose -2*b + b + 1847 = 4*y, 2*b - 3679 = -3*y. Is b prime?
False
Suppose -5*v + 5 = -6*v. Let p be (36/(-7))/(v/35). Suppose -3*n + 92 = -4*c + 3*c, n + 5*c = p. Is n composite?
False
Suppose 6*m = 2 + 16. Let t be 37 - (2 - 0)*-1. Is -94*(m + t/(-6)) a prime number?
False
Let z(b) = 4*b**2 - 4*b + 4. Let x be z(5). Suppose 2*v - x - 74 = 0. Let d = v + 0. Is d a prime number?
True
Let f(a) = 2*a**2 + 6*a + 5. Suppose -20 = -4*m + 6*m. Is f(m) a composite number?
True
Suppose 0 = -0*m - m + 5, -5*q + 15 = -m. Let r = q + 2. Is r a prime number?
False
Suppose 4*l + l = 1635. Is l a composite number?
True
Let t(z) = 51*z**3 - 2*z**2 + 7. Let c(a) = -76*a**3 + 3*a**2 - 11. Let f(x) = -5*c(x) - 8*t(x). Let y be f(-1). Suppose y = o + 3. Is o prime?
False
Let x(a) = -5*a + 3. Let r(o) = -o - 1. Let d(q) = 4*r(q) - x(q). Let g be d(12). Suppose j = 0, 5*i - g*j = 311 - 46. Is i a prime number?
True
Suppose -12 = 4*h + 12. Let a be ((-50)/(-15))/(2/h). Let r = a + 33. Is r prime?
True
Let u = 20 + -5. Let s(m) = 4*m**2 - 2*m - 7. Is s(u) a prime number?
True
Let m(g) = 10*g + 1. Suppose a = 5*a. Let o(l) = -l**2 + l + 3. Let j be o(a). Is m(j) prime?
True
Suppose 0 = q - 0*q - 4*l - 673, 0 = 4*q - 2*l - 2734. Is q prime?
False
Suppose 0 = -2*x + 4*x - 348. Suppose 94 = 2*o - 4*c, -2*o = 2*o - c - x. Is o composite?
False
Suppose -3 = 5*v - 33. Suppose -v*m = -10*m + 28. Is m a prime number?
True
Let v be 4/6 + (-16)/(-12). Suppose v*c = 6*c - 8. Suppose -c*a = -6*a + 596. Is a a prime number?
True
Let g(t) = 409*t + 11. Is g(2) composite?
False
Let c be (-2)/8 - (-2)/8. Suppose -2*j + c*j = -68. Is j prime?
False
Let t be (4/(-6))/(6/(-27)). Is (52/t)/((-12)/(-18)) prime?
False
Let n(s) = -4*s - s - 2 + 5*s**3 + 5 - s**2 - 4*s**3. Is n(4) composite?
False
Is (-21 + 19)*(-469)/2 a prime number?
False
Is -2 - -2182 - -4 - (-3)/(-1) a composite number?
True
Suppose 5*j = -5*p + 1725, 5*j + 3*p - 770 = 959. Is j a composite number?
False
Suppose -3*o = -4*o. Suppose 0 = 5*v - 4*v + 5*f - 652, -4*v + 4*f + 2728 = o. Let q = -468 + v. Is q composite?
True
Let j(a) = -7 - 7 - 49*a + 4. Is j(-5) a prime number?
False
Is (140/8 - -1)*6 a prime number?
False
Suppose -4*b = 313 - 1029. Is b a composite number?
False
Let k(w) = w**2 - 9*w + 5. Let o be k(9). Suppose h = -4*h - 15, o*y + h = 3202. Is y a composite number?
False
Is 1 - (-4158)/12 - (-1)/(-2) a prime number?
True
Let i be -1*(2 + -2*7). Suppose -3*m + i = 0, 5*q - 665 = 2*q + m. Is q composite?
False
Let x(s) = 85*s - 12. Is x(7) prime?
False
Let d = -4 - -2. Let i be 1/(2*d/(-372)). Let f = -14 + i. Is f prime?
True
Is ((-515)/(-20))/((-2)/(-8)) prime?
True
Suppose 3*s + 777 = 2*i, 3*i = 2*s + 3*s + 1168. Is i composite?
True
Suppose -5*a = -0*a + 2*j - 15, 50 = 5*a - 5*j. Let l = a - 0. Suppose -l*p = -696 - 389. Is p composite?
True
Suppose -125 = y + 2*o - 852, 0 = 2*y - 4*o - 1494. Is y a prime number?
False
Suppose 17*p - 16*p = 389. Is p a prime number?
True
Suppose -3*b - 25 = -3*c + 77, 30 = c - 3*b. Suppose -4*n = 4*p + 20, -7*n - 11 = -5*p - 3*n. Let l = p + c. Is l a prime number?
False
Suppose -i = -0*i - 7. Suppose -2*s = -m - 51, -2*m + 5*s + 315 = -i*m. Let w = m - -121. Is w prime?
False
Let c(q) be the second derivative of q**7/630 + q**6/180 - q**5/120 + q**4/6 - q. Let j(i) be the third derivative of c(i). Is j(4) a prime number?
True
Suppose -i + 3499 = 978. Is i composite?
False
Suppose -2*j = 3*j + 2*q - 33, -2*j = -2*q - 2. Suppose -4*y - 161 = -j*o - 0*y, -y - 131 = -4*o. Is o composite?
True
Let k = -68 + 1111. Is k a comp